-3*f. What is the units digit of (f/(-4))/((-5)/(-10))?
1
What is the hundreds digit of (148/3)/(1969/(-198) - -10)?
8
Let h be (22/5)/(3/(-5*24)). Let z = h - -266. What is the tens digit of z?
9
Let f be (0 + -4)*9/(-12). Suppose -f*d = d - 8. Suppose -l = 3*v - 154, d*v = v - 5*l + 70. What is the tens digit of v?
5
Suppose 4*n - 2*p = 24, -4*n + 5*p + 24 = -0*n. Suppose 4 = -h + n. Suppose 14 = h*s - 0. What is the units digit of s?
7
Let j = -120 - -181. Suppose 0 = -3*s + 9, -3*a - 2*s - 23 = j. What is the tens digit of 25/(-2)*a/25?
1
Suppose o + 0 + 4 = 0. Let s(c) = 10*c - 2 - 11*c + 3 - 10*c. What is the units digit of s(o)?
5
Let i = -8 - 7. Let n be (-1)/(-3 - 42/i). Let x(j) = 3*j**2 - 7*j - 1. What is the units digit of x(n)?
9
Let k(p) = -4*p - 8. Let s be k(-7). Suppose 13 = 3*z + 2*t - t, 5*t - s = 0. What is the tens digit of -1 + 0/z + 23?
2
Suppose -3 - 1 = -2*g. Suppose -5*l - 7 = -x + 40, -6 = -g*l. What is the units digit of x?
2
What is the units digit of (-8)/(6*3/(-2880))?
0
Let l(w) = 18*w + 4. Let j(m) = 35*m + 7. Let h(u) = 4*j(u) - 7*l(u). Suppose 3*k + q - 6 = -0, -4*q = -12. What is the tens digit of h(k)?
1
Let v(a) = -2*a**3 - 7*a**2 + 52*a + 4. What is the units digit of v(-12)?
8
Suppose -2*z + 16*o = 19*o - 1197, 5*z = -4*o + 3010. What is the units digit of z?
6
Suppose -4*j = 2*y - 20, -32 = y - 6*y - 4*j. What is the hundreds digit of (y + -4 + -3)*736/(-12)?
1
Let j(f) be the first derivative of f**5/30 + f**4/12 - 7*f**3/6 - 2*f**2 - 9. Let c(z) be the second derivative of j(z). What is the units digit of c(5)?
3
Let p be (-1 + 2)/((-2)/38). Let z = 23 + p. Suppose 5*y - 76 = c, -5*y + 92 = -c + z*c. What is the units digit of y?
6
Let f(r) = 2*r**3 + 20*r**2 + 17*r - 4. What is the units digit of f(-6)?
2
Let q = 374 - 178. Suppose -q = -5*u + 79. What is the tens digit of u?
5
Suppose 5*h - 10252 = 4*s, 0*h + h - 3*s = 2057. What is the hundreds digit of h?
0
Let c(b) be the first derivative of b**4/4 - b**2 + 9*b - 2. Let m be c(0). Suppose -2*a - 72 = -2*i, m = -5*i - 4*a + 162. What is the tens digit of i?
3
Let g = -70 - -67. Let t = 94 - g. What is the tens digit of t?
9
Let g(f) = 137*f - 135. What is the units digit of g(19)?
8
Let p be 2/6 + (1 - 16/3). Let o(f) = f**2 - 3*f + 7. What is the units digit of o(p)?
5
Suppose 0 = -4*m + 18*m - 1092. What is the tens digit of m?
7
What is the units digit of 1908/(-24)*170/(-15)?
1
Let g(h) = -h**3 - 15*h**2 - 4*h - 39. What is the units digit of g(-15)?
1
Let a(q) = 86*q + 2. Let s be a(1). Let z = 136 - s. Suppose 0*i + 2*d = -2*i + z, 2*i + 5*d - 54 = 0. What is the units digit of i?
2
Let h = 0 - -3. Suppose 15 = h*t - 0. Suppose -9 = -f + 3*q, -5*f = -3*f + t*q - 51. What is the tens digit of f?
1
Let x(z) = 7*z**2 + 2*z + 3. Let k be x(-2). Suppose -4*q + 199 = k. What is the units digit of q?
3
Let l(t) = t**3 - 9*t**2 - 10*t - 5. Let f be l(10). What is the hundreds digit of ((-4)/f - 1) + (-2122)/(-10)?
2
What is the units digit of (-1)/((-10451)/2611 - -4)?
3
Suppose -g + 24 = 4*z, -2*g + g = -5*z + 21. Suppose -4*j + y - 3*y + 106 = 0, -g*y - 4 = -j. Suppose -j = -2*q + q. What is the tens digit of q?
2
Suppose -4*c + 20 = 4*h, c = 4*h - 3*c + 4. Let m = h - -2. What is the units digit of (2/m)/((-5)/(-360))?
6
Let q(m) = -m**2 - 9*m - 16. Let n be q(-4). Suppose 3*s - 140 = -l + 7*s, n*l - 3*s - 586 = 0. What is the units digit of l?
8
Suppose -3*l + 480 = -l. What is the tens digit of l?
4
Let w(p) = 22*p**2 - 20*p - 126. What is the units digit of w(-6)?
6
Let p be (1/1)/(-2) + 9/18. Suppose -3*d = 3*t - 435, t = -5*d - p*d + 137. What is the hundreds digit of t?
1
Let i(z) = -2*z**2 - 7*z**3 + 6*z**3 - 6*z**2 - 6 - 5*z**2 + 5*z. What is the tens digit of i(-14)?
2
Suppose -4*w + 13 = -k - 28, 2*w - 8 = 0. Let o = k - -97. What is the tens digit of o?
7
Let y(k) = -96*k - 492. What is the hundreds digit of y(-23)?
7
Suppose 51*q - 54*q - 315 = 0. Let b = 358 + q. What is the tens digit of b?
5
Let g(p) = -108*p - 265. What is the tens digit of g(-7)?
9
Let o be (-4)/(6/(-18)*12/262). Let h = -158 + o. What is the hundreds digit of h?
1
Suppose 4*a + 6*r + 684 = 2*r, -5*a - r - 867 = 0. What is the units digit of (52/(-39))/(1/a)?
2
Let q(j) be the first derivative of -13*j**2/2 - 55*j + 39. What is the units digit of q(-20)?
5
Let p(h) = 3*h**2 - 5*h. Let o be p(2). Suppose -21 = -o*d + 17. What is the tens digit of d?
1
What is the units digit of (-8 + 50/6)/((-1)/(-1554))?
8
Let i(u) = 4*u**3 + u**2 - 2*u + 1. Let w be i(1). Suppose 0 = -w*s - 265 + 925. What is the tens digit of s?
6
Let v(m) = 94*m**3 + 3*m**2 - 2*m + 2. Let t be v(2). Suppose 174 = -7*u + t. What is the tens digit of u?
8
Let w = 232 + 248. What is the tens digit of w?
8
Suppose -3 = n, -3*k + 2*n + 3*n = -147. Suppose 5*u - k = 171. What is the tens digit of u?
4
Let i(y) = y**2 - 3*y. Let s be i(4). Suppose -s*d - 6 = 26. What is the tens digit of 44 + 8/(d/4)?
4
Suppose 5*c = 2*r + 280, -c - 19 = -5*r - 75. Suppose 9*o - 2180 = -c. What is the units digit of o?
6
Let t(l) = 6*l**2 + l - 68. What is the units digit of t(-11)?
7
Let s(g) = 11*g - 5. Let z be s(7). Suppose 2*j - 3*x - z = 0, 2*j + 10 = -x + 98. What is the tens digit of j?
4
Let q(b) = 0*b**2 + 3*b**2 + 20*b + 9 + 0 + 2. What is the hundreds digit of q(-12)?
2
Let r = 18 - 15. Suppose 3*d - 15 = -3*y, r*d = y + 33 + 2. What is the tens digit of d?
1
Suppose 0 = -3*o - 4*b - 1984, 5*o - 5*b + 2029 = 2*o. What is the tens digit of o/(-10) + (-4)/60*-3?
6
Suppose -5*y = -5*o + 1745, -o - 5*y = -170 - 179. What is the hundreds digit of o?
3
Suppose 168 = -3*o - 2*j, 0 = 2*o - j - 3*j + 96. Let f = o - -109. What is the tens digit of f?
5
Let b(a) be the third derivative of a**5/15 - a**4/3 + 4*a**3 + 4*a**2. What is the tens digit of b(5)?
8
Suppose 2*w - 8 = 100. Let h = 111 - w. What is the units digit of h?
7
Suppose -2*c = 15 - 75. Suppose -p = -4*p - c. Let u = p - -40. What is the units digit of u?
0
What is the tens digit of ((-51)/(-12) - 0)/((-7)/(-1988))?
0
Let t(c) = -21*c**3 - c**2 + 3*c - 2. Let p be t(1). Let a be p/14*(-4)/(-3). What is the units digit of 9/(-6)*a + 28?
1
Suppose l - 1 - 2 = 0. Suppose -l*o + 119 = 4*o. What is the tens digit of o?
1
Suppose 0 = -4*h + 7*h - 6. Suppose -3*v + 2*s = -4, 2*v - h*s + 4 = s. Let x = 13 - v. What is the units digit of x?
9
Let i(a) = -64*a + 25. Let q be i(8). Let y = q - -782. What is the tens digit of y?
9
Let q be 60/14 - (-2)/(-7). Suppose -q*f = -549 + 109. What is the hundreds digit of f?
1
Let w = -47 + 51. Suppose 3*t + 5*u - 184 = 0, t + 9*u - w*u - 58 = 0. What is the tens digit of t?
6
Let c(y) be the second derivative of -y**4/6 - 5*y**3 - 5*y**2/2 - 14*y. What is the tens digit of c(-10)?
9
Let m(f) = f**3 + 3*f**2 + 3*f. What is the units digit of m(2)?
6
Suppose 0 = -f - 516 + 1976. What is the thousands digit of f?
1
Suppose 3*j - c = -3*c - 8, c = -3*j - 10. What is the units digit of (72/27)/(j/(-162))?
8
Suppose -39*c - 20480 = -49*c. What is the units digit of c?
8
Let t(g) = -86*g + 231. What is the hundreds digit of t(-4)?
5
Let o be (-72)/(-10) - (-3)/(-15). Let w(z) = z**2 - 6*z - 2. Let t be w(o). Suppose -5*f = -n + 38, -t*f = -2*f - 12. What is the units digit of n?
8
Suppose t - 2 = 0, 79*u = 82*u + t - 3833. What is the thousands digit of u?
1
Let k(y) = -132*y**2 + 7*y - 1. Let i(s) = 397*s**2 - 20*s + 3. Let g(j) = 3*i(j) + 8*k(j). What is the tens digit of g(1)?
3
Suppose -5*g = 2*o - 1924 + 469, -2924 = -4*o + 4*g. What is the units digit of o?
0
Suppose 266 + 98 = q. Let i = q - 55. What is the hundreds digit of i?
3
Let w = -31 + 33. Suppose w*u + u = 2*v, -13 = -v - 5*u. Suppose 4*l - 2*k = 27 + 15, v*l - 4*k = 19. What is the tens digit of l?
1
Suppose -4*v + 336 = -4*t, 4*v - t - 360 = -5*t. Suppose v = q + 2*k, 457 = 5*q - 0*q - k. What is the units digit of q?
1
Let r(w) = w**3 + 9*w**2 + w + 9. Let s be r(-9). Let a(f) = -4*f**3 + 2*f + 5*f**2 + 3*f**3 + 6*f - 9 + s*f**3. What is the units digit of a(6)?
3
Let m(z) = 189*z + 517. What is the hundreds digit of m(21)?
4
What is the tens digit of (-32085)/(-10) + 0 - 22/44?
0
Suppose 4*u = -4*x - 8, 4*u + 10 = -10. Let j(v) = 10*v**2 - 2*v + 1. Wh